Let i be l(-6). Calculate the highest common divisor of i and c.
9
Let h = -3 - -4. Let z(d) be the third derivative of d**5/60 - d**4/4 + d**3/6 - 2*d**2. Let n be z(6). What is the highest common factor of h and n?
1
Let v(u) = 5*u**2 - 3*u + 4. Let y(x) = -x**2 - x + 1. Let q(w) = v(w) - 6*y(w). Let l be q(-3). Calculate the greatest common divisor of l and 11.
11
Suppose 3*t - 4*w = 44, -4*t - 2*w = 2*w - 40. Calculate the highest common factor of 30 and t.
6
Let i = 11 + -8. Let y be (1 - 7) + i + 7. Calculate the highest common divisor of y and 8.
4
Suppose -2 = -0*v - 2*v. Calculate the highest common divisor of 9 and v.
1
Let q(h) = -49*h + 1. Let d be (1 + 0)*2/(-2). Let u(f) = -f. Let m(l) = d*q(l) + 2*u(l). Let r be m(4). Calculate the greatest common divisor of 17 and r.
17
Suppose -2*g = -105 - 87. Let r(z) = z - 5. Let o be r(0). Let j(n) = -2*n + 2. Let m be j(o). Calculate the greatest common divisor of m and g.
12
Let m = -7 - -12. Let j(k) = 2*k - 6. Let u be j(m). What is the highest common factor of u and 44?
4
Suppose 7*y + 25 = 165. What is the greatest common factor of y and 10?
10
Let f = 49 + -33. Calculate the greatest common divisor of 16 and f.
16
Suppose r - 3*h + 6 = 0, -4*h = -3*r - 2*h + 3. Let o be 12 - (r - (-6)/(-2)). What is the greatest common factor of 2 and o?
2
Suppose -26 = -5*z + 149. What is the greatest common factor of 245 and z?
35
Let t(d) = d**3 + 13. Suppose -3*i = -2*w - 4, -3*w = i - 5 + 11. Let k be t(i). Let l = k - 8. Calculate the greatest common factor of l and 5.
5
Suppose 0 = f - 3*o, 3*o + 0*o = -3*f + 24. Let h(z) = 11*z + 92. Let a be h(-8). Calculate the greatest common divisor of a and f.
2
Suppose -5*m + 59 = -2*p, 0 = -2*p + 6. Calculate the highest common factor of m and 104.
13
Let k(w) = -w**3 - 6*w**2 - w - 5. Let a be k(-6). Suppose 0 = -z + 4*z - t - 21, 0 = 4*z - 2*t - 26. What is the highest common divisor of z and a?
1
Suppose x - 3*u = -3*x + 55, -25 = 5*u. What is the greatest common factor of 10 and x?
10
Let x(n) = -44*n + 1. Let s be x(5). Let c = -129 - s. Calculate the greatest common factor of c and 36.
18
Let w(o) = 4*o**2 + o. Let t be w(-2). Let z(x) = x**3 + 7*x - 6. Let f be 3 - 1 - 3/(-1). Let r be z(f). What is the greatest common factor of r and t?
14
Let t be (-5)/(-2*(-3 + (-19)/(-6))). What is the greatest common divisor of 105 and t?
15
Let j = 30 - 5. Calculate the greatest common divisor of 200 and j.
25
Let p = 14 + -4. Let u be 3/2 + 45/p. What is the greatest common divisor of u and 15?
3
Suppose -3*d + 4*z + 30 = 2*d, -5*d = 3*z - 30. Calculate the highest common divisor of d and 48.
6
Let x be (-3)/(((-6)/(-20))/(-1)). What is the greatest common factor of x and 20?
10
Let m be 12 + 0 + 1 + 1. Let o be 1/(-2)*(-2 - m). What is the highest common divisor of 32 and o?
8
Let v be ((-8)/(-3))/((-3)/(-18)). Let n = 8 - 8. Let w be 0 + n - (3 + -43). Calculate the greatest common factor of w and v.
8
Let u = 69 + -17. What is the greatest common divisor of 12 and u?
4
Let v be 1/6 + 573/18. Let n be (-6)/(-4)*v/12. Calculate the highest common factor of 2 and n.
2
Let y(q) = -q**3 + 12*q**2 - 10*q + 21. Let l be y(11). What is the highest common factor of 64 and l?
32
Let v be -4*(0 + 6 + -8). Suppose 4*d - 3 = d. What is the highest common factor of v and d?
1
Suppose n = 249 - 69. Suppose t - 1 = 3, -2*a + 4*t = -24. What is the greatest common factor of a and n?
20
Let o be 33/2*(-4)/(-6). Let c(n) = -n**2 + 16*n - 3. Let s be c(o). What is the highest common factor of s and 13?
13
Let m be -5 + (-2)/(0 - 2). Suppose 5*s = 14 - 24. Let q = s - m. Calculate the greatest common factor of q and 12.
2
Suppose -2*n + 1 - 8 = -3*x, -1 = -4*n + 3*x. Suppose i = n*i. Suppose i = -3*w - d + 95, -w + 3*d + 37 = -2*d. Calculate the highest common factor of 4 and w.
4
Suppose 2*z - 46 = -10. What is the highest common divisor of z and 9?
9
Suppose 10*j = 9*j + 13. What is the highest common divisor of j and 13?
13
Let d be 40/(-12)*6/5. Let r = d + 6. Calculate the greatest common factor of 3 and r.
1
Let v(a) = -a + 26. Let r be v(17). Let w(f) = f**3 - 5*f**2 + 7*f - 6. Suppose 27 = 5*t + 7. Let j be w(t). What is the highest common factor of r and j?
3
Let s(v) = -v**2 + v + 1. Let h(g) = 2*g**2 + g - 8. Let n(t) = -h(t) - 3*s(t). Let x be n(5). Let f = x - 4. Calculate the greatest common factor of f and 18.
6
Suppose 5*b + 2*z - 10 = 3*z, 5*b - 4*z = 10. Let d(x) = -x - 18. Let t be d(-18). Let h = t + b. What is the greatest common divisor of 2 and h?
2
Suppose -3*d = -4*o - 125 + 20, 2*d - 4*o = 66. Suppose -5*c = -11 - d. Calculate the greatest common factor of 110 and c.
10
Let v be (-2)/8 - (-185)/20. Let m = 18 - v. What is the greatest common factor of m and 3?
3
Let k = -24 + 28. Calculate the highest common factor of k and 6.
2
Let v = -1 - -7. Suppose 0 = -s - 4 + v. Suppose -3*t + 200 = s*t. What is the highest common factor of 8 and t?
8
Let d(b) = -16*b. Let k be d(-1). Let x = k + -6. Suppose -2*j + 36 + x = 4*w, -35 = -5*w + 5*j. What is the greatest common factor of w and 70?
10
Suppose 5*f + 74 = -1. Let p = f + 11. Let r be 8/p - (-3)/1. What is the greatest common factor of 3 and r?
1
Suppose 0 = -4*q - a + 324, -q - 3*a = 3*q - 316. Calculate the highest common divisor of 123 and q.
41
Let o = -17 + 35. Let g be (1 - (1 + 5))*-1. Let p be g/((-10)/(-24)) - 0. Calculate the highest common factor of p and o.
6
Let i = -4 - -28. What is the highest common factor of 12 and i?
12
Let y be 15/(-5) + 4 + 1. Suppose 0*f - 96 = -w - y*f, -3*w = 4*f - 288. What is the greatest common divisor of 12 and w?
12
Let d = 3 - 3. Suppose 3*g + 2*a - 32 = 41, -4*g - 5*a + 109 = d. What is the highest common divisor of g and 7?
7
Suppose n = 3*n + 2. Let v(t) = 13*t**2 - t - 1. Let r be v(n). Calculate the highest common factor of r and 117.
13
Let m = 2 + -2. Suppose -5*g = n - 48, -2*n + m*n - 21 = -3*g. Let s(u) = 2*u**2 - 4*u + 2. Let y be s(4). What is the highest common divisor of y and g?
9
Suppose 0 = -4*b + 3*o + 495, 2*b + 2*b - 501 = o. Calculate the greatest common divisor of b and 21.
21
Let d = 30 + -16. Let f(z) = 22*z - 1. Let b be f(1). Calculate the greatest common divisor of b and d.
7
Suppose -2*j + 2*f + 2 = 2*j, -j = 4*f - 5. Calculate the greatest common divisor of j and 8.
1
Let g = -2 - -4. Suppose 2 + 2 = g*z. Suppose 28 = s + 3*u, 0 = -5*s + z*s - 2*u + 63. What is the highest common divisor of s and 171?
19
Let u be -1844*1/(-68) + (-2)/17. Calculate the greatest common divisor of 27 and u.
27
Let l(k) = 4*k - 18. Let q be l(8). Calculate the highest common factor of 42 and q.
14
Let n(j) = -2*j - 5. Suppose -7*w + 20 = -3*w. Suppose x = -w*v + 3*v - 13, -2*x - v - 14 = 0. Let l be n(x). What is the highest common divisor of 5 and l?
5
Suppose 2*p = 5*p - 45. What is the greatest common divisor of 75 and p?
15
Let a(o) = 4*o**3. Let r be a(1). Let c be ((-30)/r)/(4/(-8)). Let h be ((-34)/3)/((-2)/c). Calculate the greatest common factor of 34 and h.
17
Let u(f) = f**2 - 5*f. Let d be u(5). Let v be 14 + -2 + d + -1. What is the highest common factor of v and 121?
11
Let q be (-12)/(-9)*((-35)/(-10) + -2). What is the highest common factor of 32 and q?
2
Suppose 3*a + 2*f = 35, 0 = 3*a - f + 4*f - 39. Let o = -4 + a. What is the highest common factor of 15 and o?
5
Let v = 4 + -4. Suppose 3*t - 6 = -v. What is the greatest common divisor of 6 and t?
2
Let x(f) = f**3 - 6*f**2 + 6*f + 6. Let g be (-8)/(-2) + 1/1. Let n be x(g). Calculate the highest common factor of 88 and n.
11
Suppose -4*z = -5*z + 165. What is the greatest common factor of 15 and z?
15
Let f(g) = g**3 + 7*g**2 - g - 3. Let p be f(-7). Let h be (p/(-10))/(2/(-10)). Let d be ((-12)/15)/(h/(-100)). What is the greatest common factor of 5 and d?
5
Let h be 17 + (1 + 1 - 4). Let l = 40 + -25. Calculate the greatest common divisor of h and l.
15
Let y be (-1 + 2)/(3/36). Let g(b) be the first derivative of -b**3/3 + 4*b**2 - 4*b - 2. Let o be g(4). What is the greatest common factor of o and y?
12
Suppose 0 = -2*n + 17 + 11. Let q be 2*2*n/4. Suppose 3*r - 464 = -2*g, -5*g + 194 + 119 = 2*r. Calculate the highest common divisor of q and r.
14
Let f = 21 + -9. 